{"id":195,"date":"2016-08-23T10:39:28","date_gmt":"2016-08-23T10:39:28","guid":{"rendered":"https:\/\/8degreethemes.com\/demo\/wp-corporate\/?page_id=195"},"modified":"2023-11-16T23:32:02","modified_gmt":"2023-11-17T05:32:02","slug":"no-sidebar","status":"publish","type":"page","link":"https:\/\/benitu.com.sv\/?page_id=195","title":{"rendered":"Nosotros"},"content":{"rendered":"\n<p class=\"has-text-align-center\">\n\nBENITU, es una empresa que ofrece servicio a domicilio de paqueter\u00eda y mensajer\u00eda, de manera segura, r\u00e1pida y confiable, ahorrando tiempo y dinero a nuestros clientes.\n\n<\/p>\n\n\n\n<h2 class=\"wp-block-heading has-text-align-center\">Visi\u00f3n<\/h2>\n\n\n\n<p class=\"has-text-align-center\">\n\nSomos una empresa salvadore\u00f1a con talento humano altamente calificado, experimentado y comprometido en ofrecer un excelente servicio a domicilio en mensajer\u00eda y transporte de mercanc\u00eda de forma r\u00e1pida, segura y eficiente, al sector privado, estatal, mype y clientes finales.\n\n<\/p>\n\n\n\n<h2 class=\"wp-block-heading has-text-align-center\"> Misi\u00f3n <\/h2>\n\n\n\n<p class=\"has-text-align-center\">\n\nPosicionarnos a nivel nacional, Centroamericano y Panam\u00e1 como empresa l\u00edder en brindar servicios a domicilios y\/o mensajer\u00eda de calidad, rapidez y seguridad. Con un trato personalizado a todos nuestros clientes.\n\n<\/p>\n\n\n\n<div class=\"wp-block-columns has-2-columns is-layout-flex wp-container-core-columns-is-layout-9d6595d7 wp-block-columns-is-layout-flex\">\n<div class=\"wp-block-column is-layout-flow wp-block-column-is-layout-flow\">\n<h2 class=\"wp-block-heading\"> Valores <\/h2>\n\n\n\n<ul class=\"wp-block-list\">\n<li> Responsabilidad<\/li>\n\n\n\n<li>Honradez<\/li>\n\n\n\n<li>Compromiso<\/li>\n\n\n\n<li>Confianza <\/li>\n<\/ul>\n<\/div>\n\n\n\n<div class=\"wp-block-column is-layout-flow wp-block-column-is-layout-flow\">\n<h2 class=\"wp-block-heading\"> Servicios <\/h2>\n\n\n\n<ul class=\"wp-block-list\">\n<li> Mensajer\u00eda <\/li>\n\n\n\n<li>Paqueter\u00eda<\/li>\n\n\n\n<li>Outsourcing <\/li>\n<\/ul>\n<\/div>\n<\/div>\n","protected":false},"excerpt":{"rendered":"<p>BENITU, es una empresa que ofrece servicio a domicilio de paqueter\u00eda y mensajer\u00eda, de manera segura, r\u00e1pida y confiable, ahorrando tiempo y dinero a nuestros clientes. Visi\u00f3n Somos una empresa salvadore\u00f1a con talento humano altamente calificado, experimentado y comprometido en ofrecer un excelente servicio a domicilio en mensajer\u00eda y transporte de mercanc\u00eda de forma r\u00e1pida, [&hellip;]<\/p>\n","protected":false},"author":1,"featured_media":0,"parent":0,"menu_order":0,"comment_status":"closed","ping_status":"closed","template":"","meta":{"footnotes":""},"class_list":["post-195","page","type-page","status-publish","hentry"],"_links":{"self":[{"href":"https:\/\/benitu.com.sv\/index.php?rest_route=\/wp\/v2\/pages\/195","targetHints":{"allow":["GET"]}}],"collection":[{"href":"https:\/\/benitu.com.sv\/index.php?rest_route=\/wp\/v2\/pages"}],"about":[{"href":"https:\/\/benitu.com.sv\/index.php?rest_route=\/wp\/v2\/types\/page"}],"author":[{"embeddable":true,"href":"https:\/\/benitu.com.sv\/index.php?rest_route=\/wp\/v2\/users\/1"}],"replies":[{"embeddable":true,"href":"https:\/\/benitu.com.sv\/index.php?rest_route=%2Fwp%2Fv2%2Fcomments&post=195"}],"version-history":[{"count":4,"href":"https:\/\/benitu.com.sv\/index.php?rest_route=\/wp\/v2\/pages\/195\/revisions"}],"predecessor-version":[{"id":841,"href":"https:\/\/benitu.com.sv\/index.php?rest_route=\/wp\/v2\/pages\/195\/revisions\/841"}],"wp:attachment":[{"href":"https:\/\/benitu.com.sv\/index.php?rest_route=%2Fwp%2Fv2%2Fmedia&parent=195"}],"curies":[{"name":"wp","href":"https:\/\/api.w.org\/{rel}","templated":true}]}}